2*x = 5*y - 23. Suppose 3*v + x = 10. Suppose 4*q + 3*o = 1, -2*o + 3*o = q - v. Determine w(q).
-4
Let x(v) = -v**3 - 10*v**2 + 6*v + 5. Let g(t) = 2*t**3 + 21*t**2 - 12*t - 11. Let y(h) = 6*g(h) + 13*x(h). Suppose 2*c - 20 = 6*c. Calculate y(c).
-6
Let t(o) be the first derivative of o**2/2 - o + 67. Calculate t(0).
-1
Let y(a) = a - 6. Let h be y(6). Let k(x) = -x**2 + h*x**2 - 5*x - 2 - 1 + 4*x. Calculate k(-3).
-9
Let g(a) = a - 3. Suppose 2*s - 4 = 2. Suppose -2 = -5*d + s. Suppose -19 - d = -5*j. Determine g(j).
1
Let l(t) be the second derivative of t**4/12 + t**3/3 - 8*t. Suppose 2*o - 4*j - 5 = 3, 0 = 5*o + 3*j + 19. What is l(o)?
0
Let s(a) = 3 + 3*a + a + 0*a**2 + a**2. Let y be s(-3). Let z(c) = 0*c**2 + y*c + 4*c + 3 - c**2. Give z(4).
3
Let l(z) = 2*z - 3*z + 1 + 3*z. Suppose -4*j = -8 - 8. Suppose 4*n = 4*u + j, -2*n + u - 2 = -4. Give l(n).
3
Let m(o) = -4*o + o + 2*o. Determine m(0).
0
Let p(c) = -c + 12. Let u(s) = -s**3 + 6*s**2 - 5*s - 4. Suppose 0 = 3*n - i - 16, 5*n - 9 - 18 = 2*i. Let d be u(n). Let w be 3*5*d/(-12). Determine p(w).
7
Let k(u) = -1 + 9*u**3 + 248*u**2 - 247*u**2 - 3*u**3. What is k(1)?
6
Let v(o) = o**2 - 5*o - 6. Let h = -50 - -57. Calculate v(h).
8
Let a(k) = 11*k**2 + 25*k + 3. Let w(p) be the second derivative of 5*p**4/12 + 2*p**3 + p**2 + p. Let l(o) = -4*a(o) + 9*w(o). Calculate l(-6).
-6
Let g(j) be the second derivative of j**6/720 + j**5/40 - j**4/6 - 3*j. Let f(w) be the third derivative of g(w). Determine f(0).
3
Let b(z) be the third derivative of z**4/24 + 5*z**3/3 - 10*z**2 - 5*z. What is b(-9)?
1
Let h(r) = -r**3 + 4*r**2 + 4. Let b(y) = y + 20. Let i(x) = -10. Let u(s) = -2*b(s) - 5*i(s). Let z be u(7). Let c be z + 6 - (-1 + -1). What is h(c)?
4
Let h(l) = -l**2 - l - 8. Let j(p) = p - 10. Let u be j(10). Calculate h(u).
-8
Let n(f) = f**2 - 10*f + 8. Let h(k) = -k + 1. Let p(z) = 5*h(z) - n(z). Suppose 0*c = -c. Suppose 4*v - v - 15 = c. Calculate p(v).
-3
Let x(o) = o**3 + 2*o**2 + 2*o + 3. Suppose 5*j = 3*z - 30, -2*j - 2*z = z - 9. Determine x(j).
-12
Suppose -8*k + 30 = -18*k. Let b(d) = d**2 + 3*d - 5. Let z(p) = 1. Let q(r) = b(r) + 4*z(r). Give q(k).
-1
Let z(t) = -t**2 - 6*t + 1. Let c be (-4)/(-20) + (-93)/15. Determine z(c).
1
Let v(s) = s**2 - 4*s + 2. Let h be v(4). Let x(j) = 4*j**2 - 1 - h*j**2 + 10*j**3 + 0. Let t(d) = -d**3 + 9*d**2 - 10*d + 15. Let n be t(8). Determine x(n).
-9
Let n(q) = -q - 5. Let p be n(-5). Let w(t) be the second derivative of t**5/20 - t**4/12 - t**3/6 + 2*t**2 + 2*t. What is w(p)?
4
Let v(n) = n + 1. Let g be ((-2)/3)/(2/6). Let j(y) = 55*y + 20. Let q(s) = -11*s - 4. Let f(p) = g*j(p) - 11*q(p). Let r(d) = -f(d) + 5*v(d). Determine r(1).
-5
Let k = 38 - 20. Suppose -2*l + k = l. Let h(i) = i - 13 + 12 - 2*i. Give h(l).
-7
Let v be 6/5*60/9. Let h(a) = 6*a**2 - 4*a**2 + 2 - 1 - a. Let m(x) = -5*x**2 + 4*x - 4. Let p(l) = v*h(l) + 3*m(l). Give p(-5).
1
Let g(u) = -7*u**3 - 2*u + 6*u**3 + 6*u + 2*u**2 - 4. Let h be (-8)/(-3) + 1/3. Calculate g(h).
-1
Suppose 0 = -p - 3 + 4. Let q(l) = 3*l**2 - 4*l**2 + 3*l**2 - 7*l**3 + 2*l**3 - 1. Determine q(p).
-4
Let q(a) = -2*a - 17. Let l(i) = -i - 9. Let b(p) = -11*l(p) + 6*q(p). Determine b(-2).
-1
Suppose -14 = 5*t + 6. Let z(o) be the first derivative of o**3/3 + 2*o**2 + 4*o - 1. What is z(t)?
4
Let m be -4 + (-3)/(5 - 6). Let j(q) = -6*q**3 + 2*q**2 + 2*q + 1. Calculate j(m).
7
Let f(v) = 2*v**3 + v**2 + 1. Let d be -2*-3*(-3)/9. Let i be f(d). Let y = 16 + i. Let k(h) = h**3 - 5*h**2 + 1. Give k(y).
1
Let r(x) = x**2 - 5*x - 2. Let u(b) = 4*b - 1. Let y be u(1). Let j(a) = a + 1 + a + a**2 - 6*a - 4. Let o(f) = y*j(f) - 2*r(f). Calculate o(5).
10
Let j(f) = 3*f**2 - f**2 - f - 3*f**2 + 1. Give j(-1).
1
Let x be (-84)/(-35)*5/(-2). Let n(a) = -a**2 - 8*a - 3. Give n(x).
9
Let z(h) = -2*h + 14. Let b(v) = -5*v + 41. Let f(l) = 3*b(l) - 8*z(l). Give f(-5).
6
Let g(y) = -y**2 + 9*y + 13. Let p be g(10). Suppose 3*w - v - p*v = 10, 5*v - 40 = -5*w. Let j(r) = r - 4. Give j(w).
2
Let o(y) = y**3 - 5*y**2 + 6*y - 3. Let x = -7 - -11. Suppose x = w - 0*w. Let v be o(w). Let b(r) = -r + 6. Determine b(v).
1
Let p(r) be the second derivative of 0 + 1/2*r**3 - 5*r - 2*r**2. Determine p(-3).
-13
Suppose -3*x = l - 20, -5 = -3*x + 2*l - 0. Let j(d) = 9 - d + x - 15. What is j(-1)?
0
Let w(t) be the first derivative of -t**4/4 - 2*t**3/3 + 3*t**2/2 - 3*t - 15. Calculate w(-3).
-3
Let u(c) = -2*c + 12. Let a be u(6). Let t(i) = 10 + i + 1 + a*i - 3. Give t(0).
8
Let o(d) = -d**3 + 5*d**2. Let c(q) = 5*q**3 - 25*q**2 + 1. Let s(m) = -2*c(m) - 11*o(m). What is s(5)?
-2
Suppose 9 = -3*l + i, 0 = -3*l - l - 4*i - 28. Let j(o) = o - 3*o - 1 + 4*o. Give j(l).
-9
Suppose -4*u + 6 = 2*v - 12, -4*u + 33 = 5*v. Suppose 5*m + 1 = -2*b - 1, u*m = -4*b + 12. Let n(q) = -q**3 + 2*q**2 + 2*q - 2. Give n(m).
10
Let t(a) = a**3 - 4*a**2 + 3*a - 3. Let f(c) = c**2 + c**3 + 0 + 10*c + 10*c**2 + 3. Let d be f(-10). Calculate t(d).
-3
Suppose 0 = 3*l + 4*o - 6, -5*o + 19 = -0*l - 2*l. Let i(j) = -j**2 + 2*j + 1. What is i(l)?
-7
Let u(p) = p + 2. Let c(o) = o - 7. Let b be c(9). Suppose -3*n - 19 = d, -b*d - 12 = d. Determine u(n).
-3
Let d(t) = 4*t + 1. Let r be d(-1). Let o be 3*(2 - (3 - 2)). Let u(q) = q + 3*q + 1 + o. Determine u(r).
-8
Let m(c) = c**3 + 4*c**2 + 5*c + 12. Let w be m(-4). Let s(a) = a**2 + 8*a + 5. Calculate s(w).
5
Let p(f) = 7*f**2 - 11*f + 10. Let n(b) = 20*b**2 - 32*b + 29. Let o(z) = 6*n(z) - 17*p(z). Calculate o(4).
0
Let c be 1*(0/(-3) - -7). Suppose 2 = -3*a - c. Let p(b) = 2*b - b**2 - b + 2*b**2 + 1. Give p(a).
7
Let h = 11 - 5. Let s(n) = n**3 - 10*n**2 - n + 7. Let t(w) = w**2. Let g(b) = -s(b) - 4*t(b). Give g(h).
-1
Let a(f) be the second derivative of f**3/6 + 3*f**2/2 + 8*f. Calculate a(-6).
-3
Let y(n) = n**3 - n**2 + 6*n + 2. Let q(m) = -2*m**3 + 3*m**2 - 11*m - 3. Let v(i) = 3*q(i) + 5*y(i). Give v(2).
3
Let a(r) = -r**2 - 3*r - 8. Let h(i) = i**2 + 2*i + 9. Let f(b) = 4*a(b) + 3*h(b). Determine f(-5).
0
Let i be (-4)/(-8) - 22/4. Let j(s) = -s - s + 2 + 3*s + 4. Determine j(i).
1
Let k be (-2)/8 - 6/8. Let p be (-5 - k)*3/(-6). Let m(b) = -b + p + 2*b - 2*b. Determine m(5).
-3
Let y(t) = -t + 1 + 0 - 2. Suppose 12 = 5*b - b. Let m(n) = -2*n**2 + 4*n. Let x be m(b). Determine y(x).
5
Suppose -2*c = -u + 3*c - 5, -2*u = c - 12. Let w = -14 + 6. Let l = u + w. Let p(q) = q**3 + 4*q**2 + 2*q + 1. Calculate p(l).
4
Suppose i + 3*w = 13, 0 = i + i - w + 9. Let c be 1/3 + (-76)/(-6). Let p(f) = -2 - 3*f**2 - 10 + c. What is p(i)?
-11
Let q(t) = 3*t**2 + 2*t + 1. Let l(j) = -j**3 + j**2 + 1. Let v be l(0). Let h = 0 - v. Let m be (-1 + 2)/(-2 - h). Give q(m).
2
Let o(q) = -q**3 + 2*q. Suppose -11 - 9 = -5*p. Suppose 4*x + 2*a = -x - 33, 3*x - p*a + 25 = 0. Let s = x + 5. Calculate o(s).
4
Let y = -76 + 78. Let s(p) = 6*p - 2. Determine s(y).
10
Let d be 6/((-3)/6 - -2). Let z(x) = -x**2 - d*x**2 + x - x**2. What is z(-1)?
-7
Suppose 0 = 3*a + 4*t - 9*t + 18, -18 = 3*a + t. Let g(n) = -n**2 - 5*n + 3. What is g(a)?
-3
Let u(i) = -11*i**2 + 21*i - 1. Let s(o) = 5*o**2 - 10*o + 1. Let y(t) = 13*s(t) + 6*u(t). Determine y(-5).
2
Let l(q) be the third derivative of -q**5/60 - q**4/12 + q**3/6 + 22*q**2. Give l(3).
-14
Let q(b) be the first derivative of b**2 - 3 + 2*b**2 + 2. Suppose 3*y = -12, 0*y = -5*t - 5*y - 25. Calculate q(t).
-6
Let j = 1 + 1. Let y(d) = -2*d + 5. Let b(t) = -2*t + 5 - 3 - 1 + 5. Let x(z) = 3*b(z) - 4*y(z). What is x(j)?
2
Let b = 30 - 32. Let s(r) be the third derivative of r**3/6 - r**2. Let l(h) = -h**2 + 2*h + 1. Let i(f) = l(f) + s(f). Determine i(b).
-6
Let l(i) = -13*i**3 + 7*i**2 + 7*i - 2. Let f(z) = 0 - 4*z**3 - 1 + 4*z**2 + 4*z - 3*z**3. Let g(t) = 11*f(t) - 6*l(t). Suppose -4*n + n = 6. Give g(n).
-3
Let z be (-11)/(-2) - (-12)/(-8). Let p(h) = 15*h + 2. Let k(o) = 7*o + 1. Let g(u) = z*p(u) - 7*k(u). Suppose x - 5*d + 1 = 0, -1 = -5*x - 3*d - 6. Give g(x).
-10
Let c(p) = 59*p + 55*p + p**2 - 121*p - 7. Calculate c(5).
-17
Let d = 5 - -1. Let c be (-3)/d*(-4)/(-2). Let x(b) be the second derivative of -b**4/3 - 15*b. Give x(c).
-4
Let c = -9 - -10. Let m(h) = -2*h**2 + 5*h. Let b(d) = 2*d**2 - 6*d. Let x(a) = 4*b(a) + 5*m(a). Determine x(c).
-1
Let c(x) be the first 